{"id":12,"date":"2021-05-24T06:50:34","date_gmt":"2021-05-24T06:50:34","guid":{"rendered":"http:\/\/localhost:8888\/konstro\/?page_id=12"},"modified":"2024-02-02T12:16:09","modified_gmt":"2024-02-02T15:16:09","slug":"contato","status":"publish","type":"page","link":"https:\/\/brasiliatijolos.com\/index.php\/contato\/","title":{"rendered":"Contato"},"content":{"rendered":"\t\t<div data-elementor-type=\"wp-page\" data-elementor-id=\"12\" class=\"elementor elementor-12\" data-elementor-post-type=\"page\">\n\t\t\t\t\t\t<section class=\"elementor-section elementor-top-section elementor-element elementor-element-9b282d5 elementor-section-full_width elementor-section-height-default elementor-section-height-default\" data-id=\"9b282d5\" data-element_type=\"section\" data-e-type=\"section\">\n\t\t\t\t\t\t<div class=\"elementor-container elementor-column-gap-no\">\n\t\t\t\t\t<div class=\"elementor-column elementor-col-100 elementor-top-column elementor-element elementor-element-3b0f959\" data-id=\"3b0f959\" data-element_type=\"column\" data-e-type=\"column\">\n\t\t\t<div class=\"elementor-widget-wrap elementor-element-populated\">\n\t\t\t\t\t\t<div class=\"elementor-element elementor-element-c448e73 elementor-widget elementor-widget-Elementor_contacts-widget\" data-id=\"c448e73\" data-element_type=\"widget\" data-e-type=\"widget\" data-widget_type=\"Elementor_contacts-widget.default\">\n\t\t\t\t<div class=\"elementor-widget-container\">\n\t\t\t\t\t\n<!--CONTACT SECTION:START-->\n     <section id=\"contacts\" class=\"services-area pt-120 pb-90 fix\">\n            <div class=\"container\">\n                    <div class=\"row\">\n                        <div class=\"col-lg-6\">\n                             <div class=\"contact-bg02 \">\n                                <div class=\"section-title mb-50\">\n                                    <h5>Contato<\/h5>\n                                    <h2>\n                                        Fa\u00e7a uma cota\u00e7\u00e3o                                    <\/h2>\n                                <\/div>\n                                <div class=\"contact-form mt-30\">\n                                    <style id=\"wpforms-css-vars-3599\">\n\t\t\t\t#wpforms-3599 {\n\t\t\t\t\n\t\t\t}\n\t\t\t<\/style><div class=\"wpforms-container wpforms-container-full wpforms-render-modern\" id=\"wpforms-3599\"><form id=\"wpforms-form-3599\" class=\"wpforms-validate wpforms-form wpforms-ajax-form\" data-formid=\"3599\" method=\"post\" enctype=\"multipart\/form-data\" action=\"\/index.php\/wp-json\/wp\/v2\/pages\/12\" data-token=\"3ed7d44bcd3ee99b80ce846bb82a13f1\" data-token-time=\"1777816349\"><noscript class=\"wpforms-error-noscript\">Ative o JavaScript no seu navegador para preencher este formul\u00e1rio.<\/noscript><div id=\"wpforms-error-noscript\" style=\"display: none;\">Ative o JavaScript no seu navegador para preencher este formul\u00e1rio.<\/div><div class=\"wpforms-field-container\"><div id=\"wpforms-3599-field_0-container\" class=\"wpforms-field wpforms-field-name\" data-field-id=\"0\"><label class=\"wpforms-field-label\" for=\"wpforms-3599-field_0\">Nome <span class=\"wpforms-required-label\" aria-hidden=\"true\">*<\/span><\/label><input type=\"text\" id=\"wpforms-3599-field_0\" class=\"wpforms-field-medium wpforms-field-required\" name=\"wpforms[fields][0]\" aria-errormessage=\"wpforms-3599-field_0-error\" required><\/div><div id=\"wpforms-3599-field_1-container\" class=\"wpforms-field wpforms-field-email\" data-field-id=\"1\"><label class=\"wpforms-field-label\" for=\"wpforms-3599-field_1\">Email <span class=\"wpforms-required-label\" aria-hidden=\"true\">*<\/span><\/label><input type=\"email\" id=\"wpforms-3599-field_1\" class=\"wpforms-field-medium wpforms-field-required\" name=\"wpforms[fields][1]\" spellcheck=\"false\" aria-errormessage=\"wpforms-3599-field_1-error\" required><\/div><div id=\"wpforms-3599-field_2-container\" class=\"wpforms-field wpforms-field-textarea\" data-field-id=\"2\"><label class=\"wpforms-field-label\" for=\"wpforms-3599-field_2\">Mensagem<\/label><textarea id=\"wpforms-3599-field_2\" class=\"wpforms-field-medium\" name=\"wpforms[fields][2]\" aria-errormessage=\"wpforms-3599-field_2-error\" ><\/textarea><\/div><\/div><!-- .wpforms-field-container --><div class=\"wpforms-recaptcha-container wpforms-is-recaptcha wpforms-is-recaptcha-type-v2\" ><div class=\"g-recaptcha\" data-sitekey=\"6LcX0DEpAAAAAAWJEazEkohBLIzGcrxyhGcJmc34\"><\/div><input type=\"text\" name=\"g-recaptcha-hidden\" class=\"wpforms-recaptcha-hidden\" style=\"position:absolute!important;clip:rect(0,0,0,0)!important;height:1px!important;width:1px!important;border:0!important;overflow:hidden!important;padding:0!important;margin:0!important;\" data-rule-recaptcha=\"1\"><\/div><div class=\"wpforms-submit-container\" ><input type=\"hidden\" name=\"wpforms[id]\" value=\"3599\"><input type=\"hidden\" name=\"page_title\" value=\"\"><input type=\"hidden\" name=\"page_url\" value=\"https:\/\/brasiliatijolos.com\/index.php\/wp-json\/wp\/v2\/pages\/12\"><input type=\"hidden\" name=\"url_referer\" value=\"\"><button type=\"submit\" name=\"wpforms[submit]\" id=\"wpforms-submit-3599\" class=\"wpforms-submit\" data-alt-text=\"Enviando...\" data-submit-text=\"Enviar\" aria-live=\"assertive\" value=\"wpforms-submit\">Enviar<\/button><img decoding=\"async\" src=\"https:\/\/brasiliatijolos.com\/wp-content\/plugins\/wpforms-lite\/assets\/images\/submit-spin.svg\" class=\"wpforms-submit-spinner\" style=\"display: none;\" width=\"26\" height=\"26\" alt=\"Carregando\"><\/div><\/form><\/div>  <!-- .wpforms-container -->   \n                                <\/div>\n                            <\/div>\n                        <\/div>\n                        <div class=\"col-lg-6\">\n                          <div class=\"row\">\n                                                               \n                                <div class=\"col-lg-6 col-md-6\">\n                                       <div class=\"services-box contact-box text-center mb-30\">  \n                                         <div class=\"services-icon\">\n                                           <i class=\"fal fa-envelope\"><\/i>\n                                         <\/div>\n                                       <div class=\"services-content2\">\n                                            <h5>Email<\/h5>   \n                                            <p><a href=\"mailto:brasiliatijolos@gmail.com\">brasiliatijolos@gmail.com<\/a><\/p>\n                                        <\/div>\n                                      <\/div>   \n                                  <\/div>\n                              \n                                <div class=\"col-lg-6 col-md-6\">\n                                       <div class=\"services-box contact-box text-center mb-30\">  \n                                         <div class=\"services-icon\">\n                                           <i class=\"fal fa-phone-alt\"><\/i>\n                                         <\/div>\n                                       <div class=\"services-content2\">\n                                            <h5>Telefone<\/h5>   \n                                            <p><a href=\"tel:+5561992783023\">(61) 992783023<\/a><\/a>\n  <br\/><\/p>\n                                        <\/div>\n                                      <\/div>   \n                                  <\/div>\n                              \n                                <div class=\"col-lg-6 col-md-6\">\n                                       <div class=\"services-box contact-box text-center mb-30\">  \n                                         <div class=\"services-icon\">\n                                           <i class=\"fal fa-map-marked\"><\/i>\n                                         <\/div>\n                                       <div class=\"services-content2\">\n                                            <h5>Endere\u00e7o<\/h5>   \n                                            <p>Qd 33 \u00e1rea especial 1 <br> Parano\u00e1 - DF<\/p>\n                                        <\/div>\n                                      <\/div>   \n                                  <\/div>\n                              \n                                <div class=\"col-lg-6 col-md-6\">\n                                       <div class=\"services-box contact-box text-center mb-30\">  \n                                         <div class=\"services-icon\">\n                                           <i class=\"fal fa-alarm-clock\"><\/i>\n                                         <\/div>\n                                       <div class=\"services-content2\">\n                                            <h5>Hor\u00e1rio<\/h5>   \n                                            <p>Segunda - Sexta<br>\n08h00 \u00e0s 18h00m<br>\n-<br>\nS\u00e1bado - 7h00 \u00e0s 13h00<\/p>\n                                        <\/div>\n                                      <\/div>   \n                                  <\/div>\n                               \n                          <\/div>\n                        <\/div>\n                    <\/div>\n               <\/div>\n        <\/section>\n<!-- CONTACT SECTION:END-->\t\t\t\t<\/div>\n\t\t\t\t<\/div>\n\t\t\t\t\t<\/div>\n\t\t<\/div>\n\t\t\t\t\t<\/div>\n\t\t<\/section>\n\t\t\t\t<\/div>\n\t\t","protected":false},"excerpt":{"rendered":"","protected":false},"author":1,"featured_media":0,"parent":0,"menu_order":0,"comment_status":"closed","ping_status":"closed","template":"inside.php","meta":{"footnotes":""},"class_list":["post-12","page","type-page","status-publish","hentry"],"_links":{"self":[{"href":"https:\/\/brasiliatijolos.com\/index.php\/wp-json\/wp\/v2\/pages\/12","targetHints":{"allow":["GET"]}}],"collection":[{"href":"https:\/\/brasiliatijolos.com\/index.php\/wp-json\/wp\/v2\/pages"}],"about":[{"href":"https:\/\/brasiliatijolos.com\/index.php\/wp-json\/wp\/v2\/types\/page"}],"author":[{"embeddable":true,"href":"https:\/\/brasiliatijolos.com\/index.php\/wp-json\/wp\/v2\/users\/1"}],"replies":[{"embeddable":true,"href":"https:\/\/brasiliatijolos.com\/index.php\/wp-json\/wp\/v2\/comments?post=12"}],"version-history":[{"count":43,"href":"https:\/\/brasiliatijolos.com\/index.php\/wp-json\/wp\/v2\/pages\/12\/revisions"}],"predecessor-version":[{"id":3656,"href":"https:\/\/brasiliatijolos.com\/index.php\/wp-json\/wp\/v2\/pages\/12\/revisions\/3656"}],"wp:attachment":[{"href":"https:\/\/brasiliatijolos.com\/index.php\/wp-json\/wp\/v2\/media?parent=12"}],"curies":[{"name":"wp","href":"https:\/\/api.w.org\/{rel}","templated":true}]}}